s the units digit of (-138)/42 + 3 + u/(-14)?
9
Let j be 7/28 + (0 - 3/12). What is the hundreds digit of 192 + 0*(j - 1)?
1
Suppose 6*i = 9*i - 459. Let q = i + -101. What is the units digit of q?
2
Let n = 0 + 1. What is the tens digit of -3*n - (-1413)/9?
5
Let f(y) = -y - 4. Let g be (-12)/4 + 3/(-1). What is the units digit of f(g)?
2
What is the tens digit of (-71)/(-71) + (2161*2 - -2)?
2
Suppose y - n = 52, 5*y - 192 = -3*n + 52. Let r = 190 - y. What is the tens digit of r?
4
Let s(o) = -27*o + 1109. What is the units digit of s(0)?
9
Let m = 872 + -342. What is the units digit of m?
0
Suppose 0 = 3*k + 6 - 21. Suppose -k*q = -2*v + 10, 2*q + 11 + 14 = 5*v. Suppose -v*h = 44 - 119. What is the units digit of h?
5
Let w = 22 + 31. Let t(r) = -r**3 - r**2 + 2*r + 2. Let l be t(-2). Suppose -4*b - g + 6*g = -w, 5*b - 45 = l*g. What is the units digit of b?
7
Let a(j) = j**2 + 10*j - 66. What is the units digit of a(-33)?
3
Suppose 5*h + 2*g + 21 = 187, 2*h - 79 = -5*g. Let b = h - 27. What is the units digit of b?
5
Let l(n) = 7*n**2 - 5*n - 59. Let v be l(-5). Let c = v + -75. What is the tens digit of c?
6
Suppose -18499 = -24*f + 3317. What is the hundreds digit of f?
9
Let v(m) = -m**3 + 18*m**2 - 18*m + 22. Let a be v(16). Suppose 2*k = -k + 2*j + a, 2*k - 164 = 3*j. What is the units digit of k?
2
Let t = -566 + 889. What is the tens digit of t?
2
Let f(g) = -5*g + 20. Let m(v) = 3*v - 10. Let n(y) = 6*f(y) + 11*m(y). Let b be n(9). Suppose q + 0 = 3, 0 = -2*z + 3*q + b. What is the units digit of z?
3
Suppose 0 = 2*z + 2*r - 7*r - 873, 2260 = 5*z + 3*r. Suppose -9*l + 172 = -z. What is the units digit of l?
9
Let i(w) = w + 1. Let j be i(6). Suppose -8*z = -j*z + 9. Let o = z + 14. What is the units digit of o?
5
Suppose 34*c + 213192 = 88*c. What is the hundreds digit of c?
9
What is the tens digit of (-8533)/(-14) - (-3)/(-2)?
0
Let w(m) = m**3 - 20*m**2 - 14*m - 165. What is the hundreds digit of w(27)?
5
Suppose 3*m + 4*v - 32 = 0, -4*m + 2*v = -m - 2. Suppose c = -m*c + 725. Suppose c = 5*f - n, -4*f + 116 = -3*n + n. What is the tens digit of f?
2
Suppose 127 = -3*k - 71. What is the units digit of (k/12)/(1/(-6))?
3
Let x(b) be the first derivative of b**2 + 26*b - 17. What is the tens digit of x(-6)?
1
Suppose 0 = 3*a + 30 - 45. Suppose 4*n + 280 = 4*w, 0 = -a*w + 3*n + 76 + 278. What is the units digit of w?
2
Let r(s) = -s**3 + 4*s**2 + 9*s - 2. Let t be r(6). Let m = 6 + -1. What is the units digit of m/(t/12) + 11?
8
Suppose -3*i + 1566 = -k, -131 = -3*i - 2*k + 1444. What is the units digit of i?
3
Suppose -o + 21 = -13. Suppose -2*g - o = -0*g. Let s = 32 + g. What is the units digit of s?
5
Let h(a) = -a**2 - 10*a + 2. Let j(o) = -8*o - 2. Let s be j(-2). Suppose 2*d - 46 = 4*g, -5*d + 4*d = -g - s. What is the tens digit of h(g)?
1
Let p = -10 - -7. Let b be ((-1)/p)/(3/36). Suppose -z + 50 = b*z. What is the tens digit of z?
1
Let q(w) = w**3 - 10*w**2 - 26*w + 27. Let t be q(12). Let g(l) = 11*l**2 - l. What is the tens digit of g(t)?
9
What is the thousands digit of 2433 + (-1 - 5/((-10)/2))?
2
Let i be 1/(6/(-4))*108. Suppose -35 = d + 69. Let f = i - d. What is the tens digit of f?
3
Let d(w) = -2 + 4*w + 3*w - 5*w + 51*w**2. Let a = -690 - -691. What is the units digit of d(a)?
1
Suppose 5*v + 85 = 5*k, 12 = 3*k - v - 41. Suppose -2*j + d + 102 = 0, 4*j - 17 - 187 = -2*d. Let w = j - k. What is the tens digit of w?
3
Let a(k) = 2*k + 5. Let b be a(-6). Let q(w) = -8*w - 41. What is the units digit of q(b)?
5
Let z be ((-8)/5)/((-4)/10). Suppose 4*i - 93 = -5*r, -5*r - 29 = -2*i - z*r. Suppose 15*n - i*n = -16. What is the units digit of n?
8
Suppose -2*g + 3*r = 2*r + 6, -4*g + r - 10 = 0. Let w be -1 - (g + 1 - 45). What is the tens digit of -2 + 1 + w + 6?
5
Suppose 0 = -5*z - 3*p + 17, 2*z + 5*p + 13 = 4*z. Suppose -5*a + z*w = 3*w - 1257, -5*w - 10 = 0. What is the tens digit of a?
5
Let z = -34 - -54. Suppose 0 = 5*l + 5 - z. Suppose -43 = -2*n - l*t, 0 = 3*n - 3*t - 32 - 25. What is the units digit of n?
0
Suppose -4*v = 322 + 338. Let z = v + 94. Let r = 113 + z. What is the tens digit of r?
4
What is the units digit of 736/6 + 15/45?
3
Let b = 1 + 4. Suppose -2*v - m - m + 184 = 0, -b*m = 0. What is the tens digit of v?
9
What is the thousands digit of 3 - 3/6 - (-234171)/54?
4
Let c(d) = 3*d**2 + 23*d + 60. What is the hundreds digit of c(-17)?
5
Suppose 4*i + 6 = 5*i. Suppose 9*w = 11*w - i. Suppose w*c + 12 = 7*c. What is the units digit of c?
3
Let k(j) = j**2 + 7*j + 10. Let a be k(-8). Let d be ((-1)/3)/((-3)/a). Let m(n) = 6*n + 2. What is the tens digit of m(d)?
1
Let w(y) = 14*y**3 - 2*y**2 - 6*y + 8. Let b be (0 + (-12)/(-42))*(5 + 2). What is the hundreds digit of w(b)?
1
Let n be (-5)/(4*1/156). Let f = -47 - n. Suppose 5*w = w + f. What is the tens digit of w?
3
Suppose 0 = 4*c + 105 + 55. What is the tens digit of c/(-70) + (-272)/(-14)?
2
Suppose 3*v = -3*v - 150. Let y = v + 103. What is the tens digit of y?
7
Suppose m - 12 = -4. Let i = 11 - m. What is the units digit of (1/1 - i) + 5?
3
Let u(b) = b**2 + 7*b + 5. Let s be u(-7). Let m(n) be the first derivative of -n**4/4 + 4*n**3/3 + 3*n**2 + 7*n - 1. What is the units digit of m(s)?
2
Suppose 25 = 3*r + 2*r, 3*w + 4*r = 41. Let o(k) = 2*k - 10. Let v be o(w). Suppose 14 = v*i + 6. What is the units digit of i?
2
Let x be ((-3)/(-2))/(-3)*-1008. Suppose 3*i + 510 = -h, -3*h - x = 3*i - 0*h. What is the units digit of 1/(-4 - 687/i)?
7
Let t(m) = 2*m**2 - 8*m - 1. Suppose 0*c - 2*c + 8 = 0. Let a be (-22)/(-4) + 2/c. What is the units digit of t(a)?
3
Let l(g) = -39 - 27*g - 34 - 8. What is the units digit of l(-13)?
0
Let y be (-2532)/90 + (-2)/(-15). Let p = y - -19. Let g(h) = -h + 11. What is the units digit of g(p)?
0
Suppose -7*p + 1070 = -50. What is the tens digit of p?
6
Let i(q) = 6*q**3 - 9*q**2 + 6*q - 2. Let n(y) = y**3 - y + 1. Let w(x) = i(x) - 4*n(x). What is the units digit of w(5)?
9
Let k be 5 + -4 + 2 - 44. Let z = -32 - -95. Let j = k + z. What is the tens digit of j?
2
Suppose -3*r - 670 = 2*r. Let c be 1 + r*1/(-2). Suppose -3*q - 106 = -4*p - q, 2*p - c = -4*q. What is the tens digit of p?
2
Suppose 4*p - 10 = 2. Let n(d) = 19*d**2 - 7*d + 9. What is the tens digit of n(p)?
5
Suppose 3*d - 3*i = -d + 267, 4*d + 2*i = 262. Suppose 3*w - 3*z - d = 0, 2*w + 3*z + 18 = 3*w. What is the units digit of w?
4
Let o(n) = -95*n + 325. Let a(g) = 8*g - 27. Let j(i) = -25*a(i) - 2*o(i). What is the tens digit of j(-7)?
9
What is the units digit of 236*(280/16 - 9)?
6
Suppose 0 = -157*m + 159*m - 6510. What is the units digit of m?
5
What is the thousands digit of (-5)/(-20)*-694*-6?
1
Suppose 5*j = -j + 2184. What is the hundreds digit of j?
3
Suppose n + 80 - 380 = 0. What is the units digit of n?
0
Let d = -442 + 792. Suppose 3*p - d = -2*p. What is the tens digit of ((-20)/(-25))/(1/p)?
5
Let t = -3412 + 7034. What is the hundreds digit of t?
6
Suppose o + 0*p = 3*p + 8, 3*o - 12 = -3*p. Suppose o = -y + 56. What is the tens digit of 14/21*y/2?
1
Let a be ((-24)/(-7))/(8/2128). What is the units digit of a/27 + 4/18?
4
Let j be (-10)/40 - (-18)/8. Let p be (3/9)/(j/(-18)). What is the units digit of (3/p)/((-2)/6)?
3
Suppose -17*c = -330 - 17979. What is the units digit of c?
7
Let c(s) = -s**2 + 14*s - 10. Let j(g) = 7*g - 1. Let q be j(2). Let d be c(q). What is the units digit of (4/12)/(1/d)?
1
Suppose 4*t = 9*t - 3*n - 7624, -2*n = -t + 1529. What is the tens digit of t?
2
Let y be (104/7)/8 + (-1)/(-7). What is the tens digit of 223 - -1*((-4)/2)/y?
2
Suppose -2532 = -3*y - 435. What is the tens digit of y?
9
What is the units digit of (12 + 361)/(5/20)?
2
Let y = 8 - 6. Let o(w) = 2 - 2 - 2*w - w - y. What is the units digit of o(-5)?
3
What is the units digit of 29/((-58)/(-12)) - (-656)/1?
2
Let t(f) = 2*f**2 + 4*f. Let y(o) = -o**2 + 11*o + 18. Let i be y(13). Let d = i - -5. What is the units digit of t(d)?
6
Let r = -10 + -27. Let o be 4*2/(-4) - r. Suppose -o*y = -40*y + 20. What is the units digit of y?
4
Let j = -272 - -502. Let u = j + -67. What is the tens digit of u?
6
Let y = -96 + 165. What is the tens digit of y?
6
Let p(j) = -23*j + 20. Let r(b) = -24*b + 19. Let h(y) = 3*p(y) - 2*r(y). What